)?
9
Let r(g) = g**3 + 7*g**2 + 89*g + 1331. Calculate r(-13).
-840
Let c(i) = -i**2 - 272*i + 5488. Calculate c(20).
-352
Let j(y) = 94*y**2 + 35038*y + 129898. Give j(-369).
10
Let k(r) = 144653*r - 867862. Determine k(6).
56
Let t(z) = z**2 - 3670*z + 130825. What is t(36)?
1
Let p(k) = -129303*k - 1551409. What is p(-12)?
227
Let j(f) = -1670*f**2 + 4466*f + 4466. Determine j(-1).
-1670
Let m(r) = -r**2 + 420*r + 55148. Determine m(-105).
23
Let n(g) = 2*g**3 + 253*g**2 - 3174*g - 110. Determine n(-138).
-110
Let q(l) = 91035*l + 455169. Calculate q(-5).
-6
Let x(j) = -2*j**3 - 61*j**2 - 99*j + 21. Calculate x(-29).
369
Let m(c) = -c**3 + 13*c**2 + 386*c - 757. Determine m(25).
1393
Let f(p) = 53*p**3 + 11*p**2 + 19*p - 2. Calculate f(-3).
-1391
Let f(s) = -s**3 - 76*s**2 - 1440*s + 550. Calculate f(-36).
550
Let k(z) = z**2 + 410818*z + 26288255. Give k(-64).
-1
Let i(w) = 2*w**3 - 51*w**2 - 330*w - 470. Determine i(-3).
7
Let k(h) = -3798*h + 26615. Calculate k(7).
29
Let v(z) = -12*z**2 - 167689*z + 503069. Give v(3).
-106
Let g(x) = -11693*x + 467660. What is g(40)?
-60
Let r(k) = 3496*k - 125999. Give r(36).
-143
Let d(n) = -6*n**2 + 926*n - 3168. Calculate d(151).
-148
Let u(j) = -j**3 + 130*j**2 + 354*j + 5321. Calculate u(133).
-664
Let p(t) = 47*t**2 + 1353*t + 3228. Calculate p(-26).
-178
Let u(j) = -3*j**3 + 16*j**2 - 1320*j + 5214. Determine u(4).
-2
Let s(m) = 386286*m - 3476574. Determine s(9).
0
Let m(q) = q**2 + 424*q + 32188. Give m(-325).
13
Let r(j) = j**3 - 454*j**2 - 15009*j - 12615. Give r(485).
-5
Let i(m) = m**3 - 2570*m**2 - 15428*m + 168. Determine i(-6).
0
Let z(w) = 409373*w + 5. Calculate z(0).
5
Let n(m) = -m**2 - 18294*m - 1946002. Determine n(-107).
7
Let t(f) = -157*f + 17664. Calculate t(123).
-1647
Let s(r) = 2724*r + 212475. Give s(-78).
3
Let r(t) = -81*t - 9451. What is r(-129)?
998
Let j(s) = -5*s**2 - 11771*s + 11. What is j(0)?
11
Let v(m) = 5*m**2 + 642*m - 26543. What is v(33)?
88
Let g(a) = 673*a**2 - 3344*a - 41. Determine g(5).
64
Let d(s) = -4*s**2 + 455*s - 8270. What is d(91)?
11
Let t(l) = -1172*l - 336416. Determine t(-287).
-52
Let x(f) = 239*f**2 + 20551*f - 256. What is x(-86)?
2
Let g(p) = 7796*p + 3113. Calculate g(0).
3113
Let i(n) = -2*n**3 + 717*n**2 - 1082*n + 3937. Give i(357).
10
Let r(m) = -87*m**2 + 547*m + 860. Calculate r(8).
-332
Let v(g) = 54*g - 38258. Calculate v(705).
-188
Let r(y) = -5031*y - 100771. Give r(-20).
-151
Let x(z) = -1768*z**2 + 40717*z - 47. What is x(23)?
1172
Let c(u) = u**2 + 74*u + 1628. What is c(-63)?
935
Let y(h) = h**2 + 190*h + 2614. What is y(-13)?
313
Let z(d) = 4958*d - 14858. Give z(3).
16
Let n(l) = -638142*l - 4466979. Determine n(-7).
15
Let v(p) = -131*p - 22885. Determine v(-198).
3053
Let f(u) = 569*u**2 + 2332*u - 2599. Calculate f(-5).
-34
Let z(c) = 3*c**2 - 217*c + 6183. Determine z(52).
3011
Let h(i) = i**3 - 73*i**2 + 901*i + 282. Give h(57).
-345
Let f(d) = -1868*d + 57971. What is f(31)?
63
Let x(q) = -56*q**2 - 256*q + 899. Calculate x(3).
-373
Let g(p) = -p**3 + 67*p**2 - 18*p + 496. Determine g(67).
-710
Let l(d) = d**3 + 14*d**2 + 110*d + 1. Calculate l(-12).
-1031
Let u(s) = -1414*s + 20671. Give u(15).
-539
Let g(t) = t**3 + 95*t**2 + 849*t + 29. Calculate g(-85).
114
Let k(h) = h**2 + 9337*h + 3753646. Determine k(-421).
10
Let c(k) = 48*k**2 - 445*k - 19. What is c(10)?
331
Let w(j) = -j**2 - 3814*j - 206517. Give w(-55).
228
Let w(p) = 2*p**2 - 308*p - 18404. Calculate w(-46).
-4
Let g(i) = 61*i**2 + 389*i + 30. What is g(-5)?
-390
Let q(i) = -30190*i - 211196. What is q(-7)?
134
Let r(c) = -63761*c - 4654544. Give r(-73).
9
Let u(x) = -106*x**3 - 29*x**2 - 42*x - 141. Give u(-3).
2586
Let k(m) = -21466*m - 665567. What is k(-31)?
-121
Let j(k) = k**3 + 18*k**2 - 464*k - 149. What is j(-32)?
363
Let v(c) = -169*c + 4449. Calculate v(31).
-790
Let m(t) = -t**3 + 726*t**2 - 11366*t + 4269. Determine m(710).
9
Let q(t) = 115*t**2 - 354*t + 31. Give q(3).
4
Let t(u) = -4705*u - 46762. Determine t(-10).
288
Let f(m) = 4*m**3 + 61*m**2 + 9*m - 130. Determine f(-15).
-40
Let y(s) = s**3 + 47*s**2 + 18*s + 919. What is y(-47)?
73
Let b(g) = 18*g**2 + 543*g - 412. Give b(-30).
-502
Let z(x) = -906*x + 155343. Determine z(171).
417
Let n(q) = -q**3 + 15*q - 222. Calculate n(-11).
944
Let y(i) = -4*i**3 - 82*i**2 + 83*i + 832. Give y(-20).
-1628
Let d(c) = -34*c**2 + 239*c - 92. Determine d(7).
-85
Let c(d) = -45*d**2 - 92*d + 27. Give c(1).
-110
Let p(v) = -v**3 + 127*v**2 - 76*v - 51171. Give p(123).
-3
Let n(u) = 96*u**3 + 3166*u**2 - 52*u + 397. Give n(-33).
-65
Let c(h) = -3*h**2 - 321*h - 6305. Calculate c(-26).
13
Let a(u) = 1967220*u + 9836093. Determine a(-5).
-7
Let c(p) = -4*p**3 + 11*p**2 + 166*p + 391. Give c(-3).
100
Let k(u) = -43*u**3 - 382*u**2 + 48*u + 29. What is k(-9)?
2
Let q(p) = -58625*p - 1465324. Determine q(-25).
301
Let y(r) = r**3 - 5*r**2 - 11525*r - 14. Calculate y(0).
-14
Let u(d) = 46*d**2 - 787*d - 2656. What is u(20)?
4
Let y(l) = -3*l**3 - 19*l**2 - 45*l + 239. Determine y(6).
-1363
Let d(h) = 64*h**3 - 1026*h**2 + 54*h - 347. What is d(16)?
5
Let u(j) = -359*j + 7466. Calculate u(20).
286
Let d(v) = -543857*v - 13052573. What is d(-24)?
-5
Let a(k) = -4*k**3 - 959*k**2 - 1669*k - 697. Determine a(-238).
17
Let y(j) = 2*j**3 - 110*j**2 + 201*j + 562. Determine y(53).
-21
Let z(u) = 8*u**2 + 6*u + 35. What is z(3)?
125
Let q(d) = 461*d + 37973. Give q(-92).
-4439
Let b(w) = -3*w**3 - 92*w**2 - 695*w - 17. Calculate b(-17).
-51
Let b(q) = -3*q**2 + 347*q + 813. Give b(120).
-747
Let f(j) = 10*j**2 + 1205*j + 6064. Give f(-5).
289
Let i(j) = -2*j**3 + 53*j**2 - 39*j - 316. Calculate i(21).
3716
Let p(u) = 42*u + 1841. What is p(-62)?
-763
Let j(k) = -1139*k**2 + 22791*k - 221. What is j(20)?
-1
Let p(o) = 8*o**3 + 7*o**2 + 14*o + 138. Calculate p(-6).
-1422
Let j(q) = -q**2 + 83*q + 46876. Determine j(-179).
-22
Let f(v) = -236*v**2 - 76*v - 78. Calculate f(-1).
-238
Let a(n) = 4*n**3 + 243*n - 14. Determine a(0).
-14
Let d(r) = 2233*r + 31251. Give d(-14).
-11
Let w(j) = -101632*j - 2947345. Calculate w(-29).
-17
Let v(w) = 28712*w - 3359304. What is v(117)?
0
Let f(g) = -6447*g - 3971329. Determine f(-616).
23
Let s(f) = -72675*f + 291098. Determine s(4).
398
Let d(g) = 23*g**3 + 254*g**2 + 14*g + 31. What is d(-11)?
-2
Let q(l) = 399176*l - 3592589. Give q(9).
-5
Let l(x) = -793*x**2 + 25418*x - 1366. Give l(32).
-22
Let f(t) = 189*t**2 + 301710*t - 196439. Give f(-1597).
-8
Let y(v) = -2*v**2 - 271*v + 8021. What is y(25)?
-4
Let a(o) = 6*o - 2634. Calculate a(5).
-2604
Let d(g) = 37*g**2 - 441*g - 2355. What is d(16)?
61
Let o(k) = -58*k - 3191. Determine o(-57).
115
Let y(d) = 1367192*d + 1367200. Determine y(-1).
8
Let q(a) = 3534*a + 311041. What is q(-88)?
49
Let x(j) = 63963*j - 21939307. Determine x(343).
2
Let c(y) = -13657*y - 122890. What is c(-9)?
23
Let y(v) = v**2 + 515*v + 55719. Calculate y(-152).
543
Let s(x) = -x**3 + 42*x**2 + 18*x - 286. What is s(45)?
-5551
Let y(g) = -g**3 - 4*g**2 - 15*g + 15. Give y(5).
-285
Let g(k) = 118*k**2 + 2822*k - 231. What is g(-24)?
9
Let k(w) = -645*w - 32882. Give k(-51).
13
Let k(t) = -34645*t - 242558. What is k(-7)?
-43
Let v(z) = -15*z**2 - 8033*z + 65220. Give v(8).
-4
Let v(o) = -12*o**2 + 115*o + 2153. Calculate v(20).
-347
Let l(r) = -154*r**3 + 614*r**2 - 3*r + 13. Give l(4).
-31
Let j(x) = 65*x - 3685. Give j(49).
-500
Let y(h) = 355*h + 115737. Determine y(-326).
7
Let o(b) = 25989*b + 623746. Determine o(-24).
10
Let l(i) = i**2 + 99*i + 654. Calculate l(0).
654
Let u(h) = -914*h + 218440. Give u(239).
-6
Let u(m) = -m**3 + 31*m**2 + 475*m + 190. What is u(42)?
736
Let m(o) = 9*o**2 + 10504*o - 10505. Determine m(1).
8
Let f(j) = j**3 - 132*j**2 - 220*j - 25004. Calculate f(135).
-29
Let d(i) = -16*i**3 - 122*i**2 + 31*i + 706. What is d(-7)?
-1
Let h(p) = 189*p - 32200. Give h(168).
-448
Let n(b) = 984*b**2 + 35175*b - 8967. What is n(-36)?
-3
Let r(n) = -103483*n - 2690573. Calculate r(-26).
-15
Let d(a) = 6*a**3 + 141*a**2 - 164*a - 2017. What is d(-24)?
191
Let p(s) = 117654*s - 1764814. Determine p(15).
-4
Let a(w) = -w**3 + 56*w**2 + 231*w - 3201. Determine a(59).
-15
Let b(t) = -12*t**3 - 1772*t**2 + 595*t + 329. Calcula